t v(b) = -b - 7. Let p(t) = -3*j(t) + 7*v(t). Calculate p(-6).
-1
Let i(l) = -2*l**3 - l**2 + 2*l - 2. Let c be i(-2). Let b(u) = -u**2 + 5*u - 6. What is b(c)?
-12
Suppose 3*y - 4*y + 5*a = -15, -a = 3. Suppose -4*q - 4 = y, j + j - 10 = 4*q. Let u(w) = -1 + w - j - 1 + 2. Give u(3).
0
Let s(n) = -n**2 - n - 4. Suppose 0 = t - 0*t + 3. What is s(t)?
-10
Let z(x) = -x + 4. Let j(u) = -u + 1. Let s(h) = -2*j(h) + z(h). Give s(6).
8
Let h(m) = -m**3 - 3*m**2 + 6*m - 1. Let r(l) = -l. Let d(c) = h(c) + 2*r(c). Give d(-4).
-1
Let o(h) = 16*h. Let v be o(1). Suppose -5*a - 41 = -v. Let p(b) = b**3 + 5*b**2 - 2*b - 7. Determine p(a).
3
Suppose 12 + 13 = -5*x - d, -32 = 3*x + 4*d. Let u be (2/1)/((-4)/(-10)). Let r(t) = -2*t**2 + t**2 + 19*t + u - 21*t. Determine r(x).
-3
Let m(f) = -4*f**2. Let w(y) = -y**2 - 2*y - 1. Let q be w(0). Determine m(q).
-4
Suppose -24*v = -26*v - 6. Let q(y) = y**3 + 4*y**2 + y - 2. Give q(v).
4
Let r(s) = s**3 + s**2 + 2*s + 2. Let n be r(0). Let h(z) = -3 + 3 + 4*z - z**2 - 2. Calculate h(n).
2
Let h(x) be the third derivative of -x**5/60 - x**4/24 + 5*x**3/6 - 7*x**2. What is h(0)?
5
Let h(c) = -2 + 3 + 2 + 2*c. Suppose -74 = -2*i - 82. Give h(i).
-5
Let h(b) = 7*b**3 + b**2 + b - 1. Let s(u) = -3*u - 23. Let f be s(-8). What is h(f)?
8
Let u(l) = l + 2. Let a(d) = -d**3 - 5*d**2 + 3*d + 5. Let y be a(-6). Suppose -5*q + 4*v = y, -q - v - 4 = q. Calculate u(q).
-1
Let h(f) = 5*f**2 - 11*f + 13. Let w(p) = -11*p**2 + 22*p - 28. Let j(y) = 13*h(y) + 6*w(y). Give j(-8).
25
Let t(c) = -8*c**3 + 4*c - 14*c**3 - 6 + 3*c**2 + 21*c**3. Let r be 5*(14/5 - 2). Give t(r).
-6
Suppose 3*n + 9 = -3*r, -7 + 0 = 4*r + 5*n. Let v(t) = t**3 + 8*t**2 + t. Give v(r).
-8
Let j(w) be the third derivative of w**6/60 + w**5/120 + w**4/24 + 5*w**3/6 + 2*w**2. Let c(r) be the first derivative of j(r). Calculate c(-1).
6
Let m(h) = -h**3 - 4*h**2 - h - 3. Let s(r) = -r + 7. Let x be s(5). Suppose 0*p = x*p + 8. Calculate m(p).
1
Let f(o) = -o**3 - 22*o**2 - 7. Let b be f(-22). Let p(i) = -i**2 - 5*i - 1. Determine p(b).
-15
Let d = 12 - 2. Let l = -7 + d. Let u(r) = -r**3 + 3*r**2 - 3*r + 4. Determine u(l).
-5
Let k(o) = o - 2. Let y be k(5). Let v be (y/6*0)/(-2). Suppose 0 = -v*h - 2*h + 4. Let p(s) = s - 4. What is p(h)?
-2
Let i(m) = 85*m**2 + 25*m + 25. Let v(n) = -7*n**2 - 2*n - 2. Let h(f) = 4*i(f) + 50*v(f). Determine h(1).
-10
Suppose 4*c - 17 = -3*x, -4*x + 0*x - 44 = -3*c. Let s(v) = v - 2*v + c + 2*v. Let a be s(-7). Let d(u) = -6*u. What is d(a)?
-6
Let l(q) = -5*q**3 - 6*q**2 - 4*q + 9. Let m(g) = -g**3 + 1. Let z(n) = -l(n) + 4*m(n). What is z(-5)?
0
Let c(b) = -b**3 - 4*b**2 + 7*b + 3. Suppose -3*l + 3*a - 9 = a, 3*a + 24 = -3*l. Determine c(l).
-7
Suppose -4*a - 4*q = 0, 4*q - 2 - 2 = -2*a. Let o(n) = -n**3 + 2*n**2 + 3*n + 3. What is o(a)?
13
Let g(r) = r. Suppose 0 = 2*a + 5*y - 50, -3*a + y = -y - 37. Let k be 13/5 - (-6)/a. Determine g(k).
3
Suppose 5*h + 10 = 5*s, -3*h - 5*s + 24 = -h. Let r be (7/2 - 1)*h. Let f(k) = -2*k**3 + 8*k**3 - 4*k**2 - 6*k + 7 - 5*k**3 + 0*k**2. Calculate f(r).
2
Let a(h) = 2*h**3 + 2*h - 1. Let i(c) = 2*c + 15. Let d be i(-7). Calculate a(d).
3
Let g(h) = 2*h - 8. Let m be g(4). Let b(k) = 6*k**2 - k + 8. Let l(t) = 5*t**2 - t + 7. Let x(r) = -4*b(r) + 5*l(r). Give x(m).
3
Let a(r) be the third derivative of r**4/24 + 3*r**2. Let h(o) = o**2 - 2*o - 4. Let c be h(4). Let n be (c/2)/(2/(-6)). Determine a(n).
-6
Let g(o) = -o**3 + 3*o**2 + 4*o + 4. Suppose -45*f + 44*f + 4 = 0. Give g(f).
4
Let p(x) = -x**2 + 4*x - 8. Suppose -54 = -18*r + 9*r. Calculate p(r).
-20
Let z be 1 + (-3 - 12/(-4)). Let b = 8 - 5. Let p(i) = -b*i + 0 + i + 1. Calculate p(z).
-1
Let t(x) = 7*x + 0*x - 5 + 4*x - 12*x. Determine t(-4).
-1
Let p be -1*(2 - 1) + 6. Let f be (p/(-4))/(5/40). Let u = f - -15. Let w(y) = -y**3 + 6*y**2 - 7*y + 5. Calculate w(u).
-5
Let z be (10 - 1)/3 - -2. Suppose 5*f = -20, 4*f + 19 = -w + 2*w. Let g(u) = u**2 - w*u - 3*u - u. Give g(z).
-10
Let h(v) = v - 1. Let n be h(5). Let i be 1*n*(-1)/(-2). Let w(p) = 6*p + 3*p**2 - 5*p - 2*p**3 + p**3. Determine w(i).
6
Let x(f) = 2*f - 17 - 18 + 34 - f. Let z(o) = o**2 + 4*o. Let i be z(-3). What is x(i)?
-4
Let g(q) = -105*q**2 - 3 + 0*q - 4*q + 6 + q**3 + 102*q**2. Calculate g(2).
-9
Let f(q) be the second derivative of q**3/6 - 3*q**2/2 - 159*q. Suppose 2*t - 2*g = 3*t + 2, -3*t = 4*g + 10. What is f(t)?
-9
Let b(l) = l - 1. Let s(k) = k + 1. Let n be s(-5). Calculate b(n).
-5
Suppose 0 = -0*j - 2*j + 6. Suppose -4*k + 4*b - 4 = 0, 4*k - b = -6*b + 32. Let n(x) = 3*x - x + x**k + 0*x**3 - 4*x**2 - 1. Give n(j).
-4
Let c(o) = -o**3 - 8*o**2 - 7*o + 5. Let k be c(-7). Let u(i) = -i**3 - 6*i**2 - i - 6. Let b be u(-6). Let q(l) = l + b*l + 1 - 2*l. Determine q(k).
-4
Let l(h) = 0*h**3 - 4*h**3 + 4*h**3 + 1 + 4*h**3 - 2*h**2. What is l(1)?
3
Suppose 0*c + 4*c + 28 = -4*q, 5*q + 4*c + 30 = 0. Let u(h) = 5*h**2 + 3*h + 1. What is u(q)?
15
Let p(j) = -6*j - 1. Suppose -v - g = 3 - 2, -3*v - 2*g = -2. Let w(t) = -t + 3. Let m be w(v). What is p(m)?
5
Let w(q) = -2*q**2 - 16*q - 19. Let l(j) = -j**2 - 8*j - 10. Let s(g) = -5*l(g) + 3*w(g). Determine s(-5).
8
Suppose 5*w + 0*w = 55. Let b = 13 - w. Let n(k) = k**3 - 2*k**2 + 3*k. Calculate n(b).
6
Let j(f) = -2*f**3 + f**2 + f. Let o be (30/9)/(2/18). Suppose 2*s + 2 = 5*u - 0, -5*s + o = 5*u. Determine j(u).
-10
Let i be (-10 + (0 - -2))/(-2). Let y(p) = p - i + p**3 + 0 + p**2 + 2*p**2 - 5. Let g(c) = -c**2 + c. Let d(q) = -3*g(q) + y(q). Calculate d(-6).
3
Let y(i) = -i**3 + 9*i**2 - 7*i - 11. Let w = 20 - 12. Calculate y(w).
-3
Suppose 0*d + 5*j + 30 = 3*d, 3*d + 5*j = 0. Suppose m = d - 2. Let l(r) = r**m + r**2 + 1 + 2*r**2 - 2. What is l(-3)?
-1
Let l(w) be the third derivative of w**7/5040 + w**6/90 + w**5/60 + w**2. Let m(h) be the third derivative of l(h). Calculate m(-5).
3
Let f(a) be the third derivative of -1/60*a**5 - 1/24*a**4 + 0 + 0*a - a**2 - 2/3*a**3 - 1/120*a**6. Determine f(0).
-4
Let y(a) = a**3 + a**2 + 3*a - 1. Let o(m) = 2*m**3 + m**2 + 3*m - 2. Let g(v) = 2*o(v) - 3*y(v). Determine g(3).
8
Let i(j) = 2*j**2 + 4*j + 7. Let r(g) = -g**2 - g - 2. Let d(k) = 2*i(k) + 7*r(k). Give d(-1).
-4
Let v(f) = f**3 + 2*f**2 + 1. Let i be v(-2). Let k(t) = -3*t - i - 2 - 3*t - t**2. Calculate k(-5).
2
Let q(g) = -9*g - 20. Let h(s) = -14*s - 30. Let f(a) = -5*h(a) + 8*q(a). Let c be f(-7). Let z be (2/(-3))/(c/(-30)). Let p(w) = w + 2. Give p(z).
7
Let k(p) be the second derivative of p**4/12 - 5*p**3/6 - 2*p**2 - 2*p. Let z be k(5). Let n(j) = j**3 + 4*j**2 + 2*j - 3. Calculate n(z).
-11
Let g(t) be the third derivative of -5*t**4/24 - t**3/6 + 27*t**2. Calculate g(-2).
9
Let s(h) = -2*h - 5. Suppose -4*x - 4*m = 8, -5*x - 32 - 13 = -2*m. Let q(b) be the second derivative of b**3/6 + 3*b**2/2 - b. Let o be q(x). What is s(o)?
3
Let k(n) = -11*n**3 + n - 1. Let y(d) = -d**3 - 9*d**2 - d - 4. Let t be y(-9). Suppose -t*u - 4 = -3*z, -u + 4*z - 11 = -0*u. Give k(u).
-11
Let j(h) be the first derivative of h**4/4 - 5*h**3/3 + 3*h**2/2 - 6*h - 2. What is j(4)?
-10
Let f(v) = 0*v**2 - 4*v**2 + 29*v - 14*v + 4 - v**3 - 9*v. Give f(-5).
-1
Let v(l) be the third derivative of 0*l + 1/30*l**5 - 1/6*l**4 + 5*l**2 + 1/120*l**6 + 0 - 1/2*l**3. Determine v(-3).
0
Suppose f = -f + 8. Suppose 0 = -3*l - 2*g + 15, 2*g + 20 = f*l - 3*g. Suppose -2*v = -x + 2*x + 2, -l*v - 27 = -3*x. Let i(o) = o**2 - 2*o - 4. Calculate i(x).
4
Let s(b) = b - 3. Let w be -2 + (-3)/(-1) + 1. Calculate s(w).
-1
Let k(y) = -6*y**2 - 2*y - 8. Let x(s) = 7*s**2 + 3*s + 9. Let b(h) = -6*k(h) - 5*x(h). Calculate b(4).
7
Let j(t) = -2*t + 16. Let v be -2 + -2 + -1 + 16. Give j(v).
-6
Let j(u) = 5*u**3 - 11*u**2 - 6*u + 8. Let k(l) = -9*l**3 + 21*l**2 + 11*l - 15. Let f(r) = 11*j(r) + 6*k(r). Let a = 8 - 13. Determine f(a).
-2
Suppose -4*z + 103 - 7 = 0. Let l be 54/z + 2/(-8). Let g(m) = -3*m - l - m + 0 + 3*m. Give g(-4).
2
Let x(i) be the third derivative of i**5/60 + i**4/24 + i**3/3 + 8*i**2 + 2. Determine x(-3).
8
Suppose 8*v - 22 - 34 = 0. Let r(q) = -3*q + 10. Give r(v).
-11
Let v(w) = w**2 + 12*w + 15. Suppose c + 13 - 3 = 0. Let y be v(c). Let a(o) = o**2 + 5*o + 4. Give a(y).
4
Let d(z) = -2*z**3 + 2*z**2 + 3*z - 3. Let c(j